s 31357 composite?
False
Is 11359 prime?
False
Is 4297 prime?
True
Is 79063 composite?
False
Is 2503 composite?
False
Is 430357 composite?
False
Is 15947 a composite number?
True
Is 1682495 a prime number?
False
Is 217137 a prime number?
False
Is 5597 prime?
False
Is 73113 composite?
True
Is 53657 a composite number?
False
Is 36965 a prime number?
False
Is 3356471 composite?
False
Is 79859 prime?
False
Is 160827 a prime number?
False
Is 79657 a prime number?
True
Is 352969 a prime number?
False
Is 21815 composite?
True
Is 25057 a composite number?
False
Is 714653 a prime number?
False
Is 74923 prime?
True
Is 80273 prime?
True
Is 61867 a prime number?
False
Is 6607 composite?
False
Is 428983 a prime number?
False
Is 312967 a composite number?
False
Is 162061 prime?
False
Is 44439 composite?
True
Is 333001 composite?
True
Is 95131 a prime number?
True
Is 10939 prime?
True
Is 1149361 a prime number?
True
Is 1399 prime?
True
Is 198635 a composite number?
True
Is 1739533 prime?
True
Is 30531 prime?
False
Is 3595 a prime number?
False
Is 737 a prime number?
False
Is 199339 prime?
False
Is 7438331 prime?
True
Is 508939 a prime number?
False
Is 863 composite?
False
Is 9671 a composite number?
True
Is 645283 a composite number?
True
Is 736871 a prime number?
True
Is 39679 composite?
False
Is 548593 prime?
False
Is 11719 composite?
False
Is 489466 prime?
False
Is 2705 prime?
False
Is 133447 prime?
True
Is 152717 a prime number?
True
Is 662687 a composite number?
True
Is 10037 a composite number?
False
Is 39979 composite?
False
Is 7993 a prime number?
True
Is 418199 composite?
False
Is 157721 prime?
True
Is 242243 a prime number?
True
Is 9371 prime?
True
Is 3484594 prime?
False
Is 41999 a prime number?
True
Is 8663 prime?
True
Is 344321 a composite number?
False
Is 4043 a composite number?
True
Is 147253 a prime number?
True
Is 8465 a prime number?
False
Is 57137 composite?
True
Is 296447 prime?
False
Is 26443 a prime number?
False
Is 9587 composite?
False
Is 13751 a composite number?
False
Is 165653 composite?
False
Is 275521 composite?
False
Is 4391 a composite number?
False
Is 1932241 a prime number?
False
Is 55753 composite?
True
Is 2819 a prime number?
True
Is 34793 prime?
False
Is 58099 prime?
True
Is 29327 a composite number?
False
Is 433891 a composite number?
True
Is 4729 prime?
True
Is 2053 a prime number?
True
Is 1319245 a composite number?
True
Is 3967 a prime number?
True
Is 86501 a composite number?
False
Is 8563 a composite number?
False
Is 17123 a prime number?
True
Is 24437 prime?
False
Is 5581 prime?
True
Is 2473 prime?
True
Is 9883 composite?
False
Is 104513 prime?
True
Is 11829 a prime number?
False
Is 788699 composite?
True
Is 63241 a prime number?
True
Is 353713 a prime number?
False
Is 338591 composite?
True
Is 2741 a prime number?
True
Is 46753 a composite number?
True
Is 166183 a prime number?
True
Is 33763 a prime number?
False
Is 903419 a prime number?
False
Is 508901 prime?
True
Is 8158 a prime number?
False
Is 179021 composite?
False
Is 107054 a composite number?
True
Is 190607 prime?
True
Is 2569 prime?
False
Is 9257 prime?
True
Is 294607 a prime number?
False
Is 44771 a prime number?
True
Is 64121 a prime number?
False
Is 5147 composite?
False
Is 1193 a prime number?
True
Is 46577 prime?
False
Is 188489 prime?
False
Is 97871 prime?
True
Is 813913 a composite number?
True
Is 12499 a composite number?
True
Is 30865 a prime number?
False
Is 859585 a prime number?
False
Is 179729 a prime number?
False
Is 163973 composite?
False
Is 60339 prime?
False
Is 22947 prime?
False
Is 100583 a prime number?
False
Is 139423 a composite number?
False
Is 2515 prime?
False
Is 18637 composite?
False
Is 97211 composite?
True
Is 5971 composite?
True
Is 35831 a prime number?
True
Is 27533 a prime number?
False
Is 627961 composite?
False
Is 40343 a prime number?
True
Is 104281 prime?
True
Is 266177 a composite number?
False
Is 77581 composite?
True
Is 162593 a prime number?
True
Is 10391 composite?
False
Is 164153 composite?
True
Is 84251 prime?
False
Is 12761 a prime number?
False
Is 20569 a composite number?
True
Is 795895 a composite number?
True
Is 150913 composite?
True
Is 59509 a prime number?
True
Is 1522 composite?
True
Is 259271 a composite number?
False
Is 6739 a composite number?
True
Is 108809 composite?
True
Is 40429 composite?
False
Is 55469 a composite number?
False
Is 1681 a prime number?
False
Is 3821 a prime number?
True
Is 5163 prime?
False
Is 1113431 prime?
False
Is 52781 prime?
False
Is 107999 a composite number?
False
Is 9987 prime?
False
Is 23315 composite?
True
Is 1222901 a prime number?
False
Is 4575613 prime?
False
Is 10063 a prime number?
False
Is 129169 prime?
True
Is 3297647 composite?
False
Is 48031 prime?
False
Is 1298699 composite?
False
Is 42887 a composite number?
True
Is 367697 a prime number?
False
Is 42241 prime?
False
Is 20122 a prime number?
False
Is 13318 composite?
True
Is 1640609 a prime number?
True
Is 28505 a prime number?
False
Is 1687 a composite number?
True
Is 514103 prime?
True
Is 2740987 a prime number?
True
Is 169063 prime?
True
Is 311513 composite?
True
Is 18803 composite?
False
Is 4717 composite?
True
Is 117011 a prime number?
False
Is 64289 a prime number?
False
Is 56759 prime?
False
Is 20993 prime?
False
Is 18113 composite?
True
Is 50069 composite?
False
Is 71501 composite?
True
Is 3497 prime?
False
Is 665165 composite?
True
Is 8147 composite?
False
Is 2941993 a composite number?
True
Is 42323 a prime number?
True
Is 6143 prime?
True
Is 364367 prime?
False
Is 2747 prime?
False
Is 1081 a prime number?
False
Is 66835 a composite number?
True
Is 67406 composite?
True
Is 16795 a composite number?
True
Is 171007 a prime number?
True
Is 176117 composite?
True
Is 146563 prime?
True
Is 60617 a prime number?
True
Is 3215 composite?
True
Is 38769 a composite number?
True
Is 12871 prime?
False
Is 685 composite?
True
Is 6323 a prime number?
True
Is 3906457 a composite number?
True
Is 12895 prime?
False
Is 35023 a prime number?
True
Is 51703 composite?
True
Is 238397 a prime number?
True
Is 3761 prime?
True
Is 78427 a prime number?
True
Is 49519 a composite number?
True
Is 2539 a prime number?
True
Is 98663 composite?
False
Is 5381 a prime number?
True
Is 6469 a prime number?
True
Is 144289 composite?
False
Is 11338 prime?
False
Is 8173 composite?
True
Is 4399 prime?
False
Is 4327 a composite number?
False
Is 4279 prime?
False
Is 148991 prime?
True
Is 559353 a prime number?
False
Is 31982 prime?
False
Is 47339 prime?
True
Is 102218 a composite number?
True
Is 2288821 composite?
False
Is 135781 composite?
False
Is 3873 a prime number?
False
Is 131203 a composite number?
False
Is 2617973 a composite number?
True
Is 31453 prime?
False
Is 13289 composite?
True
Is 59611 a composite number?
False
Is 366441 composite?
True
Is 49 prime?
False
Is 22951 a prime number?
False
Is 128181 a prime number?
False
Is 1193069 a prime number?
False
Is 56321 a prime number?
False
Is 8915 a composite number?
True
Is 15571 composite?
True
Is 10847 prime?
True
Is 1495871 prime?
False
Is 43261 composite?
False
Is 580787 a prime number?
True
Is 82931 prime?
False
Is 4859 prime?
False
Is 7237 prime?
True
Is 61139 a prime number?
False
Is 24967 a composite number?
False
Is 499571 a composite number?
False
Is 124409 composite?
True
Is 3517733 a composite number?
False
Is 15177 prime?
False
Is 126507 composite?
True
Is 54917 composite?
False
Is 72866 prime?
False
Is 89 composite?
False
Is 119869 prime?
True
Is 7405 composite?
True
Is 473117 a prime number?
True
Is 84673 a prime number?
True
Is 2369 a composite number?
True
Is 1888673 a prime number?
True
Is 1135261 composite?
False
Is 39085 a composite number?
True
Is 68627 composite?
True
Is 173561 a composite number?
False
Is 341947 a prime number?
True
Is 10667 a composite number?
False
Is 182027 composite?
False
Is 183149 a composite number?
True
Is 1401247 composite?
False
Is 1056019 a prime number?
True
Is 4725943 prime?
True
Is 74939 a prime number?
False
Is 1133 a prime number?
False
Is 2617897 a prime number?
True
Is 10771 a composite number?
False
Is 10579 prime?
False
Is 50311 composite?
False
Is 181851 a prime number?
False
Is 6220093 a prime number?
False
Is 1747939 a